{"id":68,"date":"2025-08-31T22:18:52","date_gmt":"2025-08-31T22:18:52","guid":{"rendered":"https:\/\/yum.st\/nwa\/cart\/"},"modified":"2025-09-01T03:58:38","modified_gmt":"2025-09-01T03:58:38","slug":"cart","status":"publish","type":"page","link":"https:\/\/yum.st\/nwa\/cart\/","title":{"rendered":"Cart"},"content":{"rendered":"\n<div data-block-name=\"woocommerce\/cart\" class=\"wp-block-woocommerce-cart alignwide is-loading\">\n<div data-block-name=\"woocommerce\/filled-cart-block\" class=\"wp-block-woocommerce-filled-cart-block\">\n<div data-block-name=\"woocommerce\/cart-items-block\" class=\"wp-block-woocommerce-cart-items-block\">\n<div data-block-name=\"woocommerce\/cart-line-items-block\" class=\"wp-block-woocommerce-cart-line-items-block\"><\/div>\n\n\n\n<div data-block-name=\"woocommerce\/cart-cross-sells-block\" class=\"wp-block-woocommerce-cart-cross-sells-block\">\n<h2 class=\"wp-block-heading has-large-font-size\">You may be interested in\u2026<\/h2>\n\n\n\n<div data-block-name=\"woocommerce\/cart-cross-sells-products-block\" class=\"wp-block-woocommerce-cart-cross-sells-products-block\"><\/div>\n<\/div>\n<\/div>\n\n\n\n<div data-block-name=\"woocommerce\/cart-totals-block\" class=\"wp-block-woocommerce-cart-totals-block\">\n<div data-block-name=\"woocommerce\/cart-order-summary-block\" class=\"wp-block-woocommerce-cart-order-summary-block\">\n<div data-block-name=\"woocommerce\/cart-order-summary-heading-block\" class=\"wp-block-woocommerce-cart-order-summary-heading-block\"><\/div><div data-block-name=\"woocommerce\/cart-order-summary-coupon-form-block\" class=\"wp-block-woocommerce-cart-order-summary-coupon-form-block\"><\/div><div data-block-name=\"woocommerce\/cart-order-summary-totals-block\" class=\"wp-block-woocommerce-cart-order-summary-totals-block\">\n<div data-block-name=\"woocommerce\/cart-order-summary-subtotal-block\" class=\"wp-block-woocommerce-cart-order-summary-subtotal-block\"><\/div>\n<div data-block-name=\"woocommerce\/cart-order-summary-discount-block\" class=\"wp-block-woocommerce-cart-order-summary-discount-block\"><\/div>\n<div data-block-name=\"woocommerce\/cart-order-summary-fee-block\" class=\"wp-block-woocommerce-cart-order-summary-fee-block\"><\/div>\n<div data-block-name=\"woocommerce\/cart-order-summary-shipping-block\" class=\"wp-block-woocommerce-cart-order-summary-shipping-block\"><\/div>\n<div data-block-name=\"woocommerce\/cart-order-summary-taxes-block\" class=\"wp-block-woocommerce-cart-order-summary-taxes-block\"><\/div><\/div>\n<\/div>\n\n\n\n<div data-block-name=\"woocommerce\/cart-express-payment-block\" class=\"wp-block-woocommerce-cart-express-payment-block\"><\/div>\n\n\n\n<div data-block-name=\"woocommerce\/proceed-to-checkout-block\" class=\"wp-block-woocommerce-proceed-to-checkout-block\"><\/div>\n\n\n\n<div data-block-name=\"woocommerce\/cart-accepted-payment-methods-block\" class=\"wp-block-woocommerce-cart-accepted-payment-methods-block\"><\/div>\n<\/div>\n<\/div>\n\n\n\n<div data-block-name=\"woocommerce\/empty-cart-block\" class=\"wp-block-woocommerce-empty-cart-block\">\n<h2 class=\"wp-block-heading has-text-align-center with-empty-cart-icon wc-block-cart__empty-cart__title\">Your cart is currently empty!<\/h2>\n\n\n\n<hr class=\"wp-block-separator has-alpha-channel-opacity is-style-dots\"\/>\n\n\n\n<h2 class=\"wp-block-heading has-text-align-center\">New in store<\/h2>\n\n\n<div data-block-name=\"woocommerce\/product-new\" data-columns=\"4\" data-rows=\"1\" class=\"wc-block-grid wp-block-product-new wp-block-woocommerce-product-new wc-block-product-new has-4-columns\"><ul class=\"wc-block-grid__products\"><li class=\"wc-block-grid__product\">\n\t\t\t\t<a href=\"https:\/\/yum.st\/nwa\/product\/xoi\/\" class=\"wc-block-grid__product-link\">\n\t\t\t\t\t\n\t\t\t\t\t<div class=\"wc-block-grid__product-image\"><img loading=\"lazy\" decoding=\"async\" width=\"300\" height=\"300\" src=\"https:\/\/yum.st\/nwa\/wp-content\/uploads\/2025\/09\/xoi-300x300.png\" class=\"attachment-woocommerce_thumbnail size-woocommerce_thumbnail\" alt=\"X\u00f4i\" srcset=\"https:\/\/yum.st\/nwa\/wp-content\/uploads\/2025\/09\/xoi-300x300.png 300w, https:\/\/yum.st\/nwa\/wp-content\/uploads\/2025\/09\/xoi-1024x1024.png 1024w, https:\/\/yum.st\/nwa\/wp-content\/uploads\/2025\/09\/xoi-150x150.png 150w, https:\/\/yum.st\/nwa\/wp-content\/uploads\/2025\/09\/xoi-768x768.png 768w, https:\/\/yum.st\/nwa\/wp-content\/uploads\/2025\/09\/xoi-1536x1536.png 1536w, https:\/\/yum.st\/nwa\/wp-content\/uploads\/2025\/09\/xoi-600x600.png 600w, https:\/\/yum.st\/nwa\/wp-content\/uploads\/2025\/09\/xoi-100x100.png 100w, https:\/\/yum.st\/nwa\/wp-content\/uploads\/2025\/09\/xoi.png 2048w\" sizes=\"auto, (max-width: 300px) 100vw, 300px\" \/><\/div>\n\t\t\t\t\t<div class=\"wc-block-grid__product-title\">X\u00f4i<\/div>\n\t\t\t\t<\/a>\n\t\t\t\t<div class=\"wc-block-grid__product-price price\"><span class=\"woocommerce-Price-amount amount\"><span class=\"woocommerce-Price-currencySymbol\">&#036;<\/span>4.99<\/span><\/div>\n\t\t\t\t\n\t\t\t\t<div class=\"wp-block-button wc-block-grid__product-add-to-cart\"><a href=\"\/nwa\/wp-json\/wp\/v2\/pages\/68?add-to-cart=102\" aria-label=\"Th\u00eam v\u00e0o gi\u1ecf h\u00e0ng: &ldquo;X\u00f4i&rdquo;\" data-quantity=\"1\" data-product_id=\"102\" data-product_sku=\"\" data-price=\"4.99\" rel=\"nofollow\" class=\"wp-block-button__link wp-element-button add_to_cart_button ajax_add_to_cart\">Th\u00eam v\u00e0o gi\u1ecf h\u00e0ng<\/a><\/div>\n\t\t\t<\/li><li class=\"wc-block-grid__product\">\n\t\t\t\t<a href=\"https:\/\/yum.st\/nwa\/product\/che-troi-nuoc\/\" class=\"wc-block-grid__product-link\">\n\t\t\t\t\t\n\t\t\t\t\t<div class=\"wc-block-grid__product-image\"><img loading=\"lazy\" decoding=\"async\" width=\"300\" height=\"300\" src=\"https:\/\/yum.st\/nwa\/wp-content\/uploads\/2025\/09\/chetroinuoc-300x300.png\" class=\"attachment-woocommerce_thumbnail size-woocommerce_thumbnail\" alt=\"Ch\u00e8 Tr\u00f4i N\u01b0\u1edbc\" srcset=\"https:\/\/yum.st\/nwa\/wp-content\/uploads\/2025\/09\/chetroinuoc-300x300.png 300w, https:\/\/yum.st\/nwa\/wp-content\/uploads\/2025\/09\/chetroinuoc-1024x1024.png 1024w, https:\/\/yum.st\/nwa\/wp-content\/uploads\/2025\/09\/chetroinuoc-150x150.png 150w, https:\/\/yum.st\/nwa\/wp-content\/uploads\/2025\/09\/chetroinuoc-768x768.png 768w, https:\/\/yum.st\/nwa\/wp-content\/uploads\/2025\/09\/chetroinuoc-1536x1536.png 1536w, https:\/\/yum.st\/nwa\/wp-content\/uploads\/2025\/09\/chetroinuoc-600x600.png 600w, https:\/\/yum.st\/nwa\/wp-content\/uploads\/2025\/09\/chetroinuoc-100x100.png 100w, https:\/\/yum.st\/nwa\/wp-content\/uploads\/2025\/09\/chetroinuoc.png 2048w\" sizes=\"auto, (max-width: 300px) 100vw, 300px\" \/><\/div>\n\t\t\t\t\t<div class=\"wc-block-grid__product-title\">Ch\u00e8 Tr\u00f4i N\u01b0\u1edbc<\/div>\n\t\t\t\t<\/a>\n\t\t\t\t<div class=\"wc-block-grid__product-price price\"><span class=\"woocommerce-Price-amount amount\"><span class=\"woocommerce-Price-currencySymbol\">&#036;<\/span>4.99<\/span><\/div>\n\t\t\t\t\n\t\t\t\t<div class=\"wp-block-button wc-block-grid__product-add-to-cart\"><a href=\"\/nwa\/wp-json\/wp\/v2\/pages\/68?add-to-cart=100\" aria-label=\"Th\u00eam v\u00e0o gi\u1ecf h\u00e0ng: &ldquo;Ch\u00e8 Tr\u00f4i N\u01b0\u1edbc&rdquo;\" data-quantity=\"1\" data-product_id=\"100\" data-product_sku=\"\" data-price=\"4.99\" rel=\"nofollow\" class=\"wp-block-button__link wp-element-button add_to_cart_button ajax_add_to_cart\">Th\u00eam v\u00e0o gi\u1ecf h\u00e0ng<\/a><\/div>\n\t\t\t<\/li><li class=\"wc-block-grid__product\">\n\t\t\t\t<a href=\"https:\/\/yum.st\/nwa\/product\/tra-tac\/\" class=\"wc-block-grid__product-link\">\n\t\t\t\t\t\n\t\t\t\t\t<div class=\"wc-block-grid__product-image\"><img loading=\"lazy\" decoding=\"async\" width=\"300\" height=\"300\" src=\"https:\/\/yum.st\/nwa\/wp-content\/uploads\/2025\/09\/tra_tac_label-300x300.png\" class=\"attachment-woocommerce_thumbnail size-woocommerce_thumbnail\" alt=\"Tr\u00e0 T\u1eafc\" srcset=\"https:\/\/yum.st\/nwa\/wp-content\/uploads\/2025\/09\/tra_tac_label-300x300.png 300w, https:\/\/yum.st\/nwa\/wp-content\/uploads\/2025\/09\/tra_tac_label-1024x1024.png 1024w, https:\/\/yum.st\/nwa\/wp-content\/uploads\/2025\/09\/tra_tac_label-150x150.png 150w, https:\/\/yum.st\/nwa\/wp-content\/uploads\/2025\/09\/tra_tac_label-768x768.png 768w, https:\/\/yum.st\/nwa\/wp-content\/uploads\/2025\/09\/tra_tac_label-1536x1536.png 1536w, https:\/\/yum.st\/nwa\/wp-content\/uploads\/2025\/09\/tra_tac_label-600x600.png 600w, https:\/\/yum.st\/nwa\/wp-content\/uploads\/2025\/09\/tra_tac_label-100x100.png 100w, https:\/\/yum.st\/nwa\/wp-content\/uploads\/2025\/09\/tra_tac_label.png 2048w\" sizes=\"auto, (max-width: 300px) 100vw, 300px\" \/><\/div>\n\t\t\t\t\t<div class=\"wc-block-grid__product-title\">Tr\u00e0 T\u1eafc<\/div>\n\t\t\t\t<\/a>\n\t\t\t\t<div class=\"wc-block-grid__product-price price\"><span class=\"woocommerce-Price-amount amount\"><span class=\"woocommerce-Price-currencySymbol\">&#036;<\/span>4.99<\/span><\/div>\n\t\t\t\t\n\t\t\t\t<div class=\"wp-block-button wc-block-grid__product-add-to-cart\"><a href=\"\/nwa\/wp-json\/wp\/v2\/pages\/68?add-to-cart=98\" aria-label=\"Th\u00eam v\u00e0o gi\u1ecf h\u00e0ng: &ldquo;Tr\u00e0 T\u1eafc&rdquo;\" data-quantity=\"1\" data-product_id=\"98\" data-product_sku=\"\" data-price=\"4.99\" rel=\"nofollow\" class=\"wp-block-button__link wp-element-button add_to_cart_button ajax_add_to_cart\">Th\u00eam v\u00e0o gi\u1ecf h\u00e0ng<\/a><\/div>\n\t\t\t<\/li><li class=\"wc-block-grid__product\">\n\t\t\t\t<a href=\"https:\/\/yum.st\/nwa\/product\/tra-xanh-sa\/\" class=\"wc-block-grid__product-link\">\n\t\t\t\t\t\n\t\t\t\t\t<div class=\"wc-block-grid__product-image\"><img loading=\"lazy\" decoding=\"async\" width=\"300\" height=\"300\" src=\"https:\/\/yum.st\/nwa\/wp-content\/uploads\/2025\/09\/tra_xanh_sa-300x300.png\" class=\"attachment-woocommerce_thumbnail size-woocommerce_thumbnail\" alt=\"Tr\u00e0 Xanh S\u1ea3\" srcset=\"https:\/\/yum.st\/nwa\/wp-content\/uploads\/2025\/09\/tra_xanh_sa-300x300.png 300w, https:\/\/yum.st\/nwa\/wp-content\/uploads\/2025\/09\/tra_xanh_sa-1024x1024.png 1024w, https:\/\/yum.st\/nwa\/wp-content\/uploads\/2025\/09\/tra_xanh_sa-150x150.png 150w, https:\/\/yum.st\/nwa\/wp-content\/uploads\/2025\/09\/tra_xanh_sa-768x768.png 768w, https:\/\/yum.st\/nwa\/wp-content\/uploads\/2025\/09\/tra_xanh_sa-1536x1536.png 1536w, https:\/\/yum.st\/nwa\/wp-content\/uploads\/2025\/09\/tra_xanh_sa-600x600.png 600w, https:\/\/yum.st\/nwa\/wp-content\/uploads\/2025\/09\/tra_xanh_sa-100x100.png 100w, https:\/\/yum.st\/nwa\/wp-content\/uploads\/2025\/09\/tra_xanh_sa.png 2048w\" sizes=\"auto, (max-width: 300px) 100vw, 300px\" \/><\/div>\n\t\t\t\t\t<div class=\"wc-block-grid__product-title\">Tr\u00e0 Xanh S\u1ea3<\/div>\n\t\t\t\t<\/a>\n\t\t\t\t<div class=\"wc-block-grid__product-price price\"><span class=\"woocommerce-Price-amount amount\"><span class=\"woocommerce-Price-currencySymbol\">&#036;<\/span>4.25<\/span><\/div>\n\t\t\t\t\n\t\t\t\t<div class=\"wp-block-button wc-block-grid__product-add-to-cart\"><a href=\"\/nwa\/wp-json\/wp\/v2\/pages\/68?add-to-cart=96\" aria-label=\"Th\u00eam v\u00e0o gi\u1ecf h\u00e0ng: &ldquo;Tr\u00e0 Xanh S\u1ea3&rdquo;\" data-quantity=\"1\" data-product_id=\"96\" data-product_sku=\"\" data-price=\"4.25\" rel=\"nofollow\" class=\"wp-block-button__link wp-element-button add_to_cart_button ajax_add_to_cart\">Th\u00eam v\u00e0o gi\u1ecf h\u00e0ng<\/a><\/div>\n\t\t\t<\/li><\/ul><\/div><\/div>\n<\/div>\n","protected":false},"excerpt":{"rendered":"","protected":false},"author":1,"featured_media":0,"parent":0,"menu_order":0,"comment_status":"closed","ping_status":"closed","template":"","meta":{"footnotes":""},"class_list":["post-68","page","type-page","status-publish","hentry"],"_links":{"self":[{"href":"https:\/\/yum.st\/nwa\/wp-json\/wp\/v2\/pages\/68","targetHints":{"allow":["GET"]}}],"collection":[{"href":"https:\/\/yum.st\/nwa\/wp-json\/wp\/v2\/pages"}],"about":[{"href":"https:\/\/yum.st\/nwa\/wp-json\/wp\/v2\/types\/page"}],"author":[{"embeddable":true,"href":"https:\/\/yum.st\/nwa\/wp-json\/wp\/v2\/users\/1"}],"replies":[{"embeddable":true,"href":"https:\/\/yum.st\/nwa\/wp-json\/wp\/v2\/comments?post=68"}],"version-history":[{"count":1,"href":"https:\/\/yum.st\/nwa\/wp-json\/wp\/v2\/pages\/68\/revisions"}],"predecessor-version":[{"id":80,"href":"https:\/\/yum.st\/nwa\/wp-json\/wp\/v2\/pages\/68\/revisions\/80"}],"wp:attachment":[{"href":"https:\/\/yum.st\/nwa\/wp-json\/wp\/v2\/media?parent=68"}],"curies":[{"name":"wp","href":"https:\/\/api.w.org\/{rel}","templated":true}]}}